he greatest common divisor of 44 and w.
44
Suppose -13*m - 46 = -761. Calculate the highest common divisor of m and 11.
11
Suppose -4*o + 0*o + 12 = 0. Let j(k) = -k**2 + 4*k - 1. Let w be j(o). Suppose -d = -4*d + 30. What is the highest common factor of w and d?
2
Suppose -96 = -5*t + 5*f + 74, t + 4*f - 14 = 0. What is the highest common factor of 670 and t?
10
Let n = 8 - -1. Suppose 4*w - 6*w = 6*w. Suppose 3*g + 3*k - 18 = -2*g, w = g + 3*k + 6. What is the highest common divisor of n and g?
3
Let w be ((-39)/52)/((-1)/36). Suppose 3*n = -9 + w. Suppose -4*m = -2*m - 12. Calculate the highest common divisor of m and n.
6
Let k(n) = 18*n + 167. Let j be k(-9). Calculate the highest common factor of j and 15.
5
Suppose 40 = -0*p - 4*p. Let r be 195/p*(-2)/3. Let t = 17 - r. Calculate the greatest common factor of t and 4.
4
Let d be 2/8 + (-31)/(-4). Suppose 14*z + 184 = 22*z. Suppose 5*s - 337 = z. Calculate the greatest common divisor of d and s.
8
Let k = -30 - -33. Suppose -6*y + 3 + k = 0. Calculate the highest common divisor of y and 11.
1
Let f = 45 - -46. Calculate the highest common factor of f and 104.
13
Let p(u) = -296*u - 5608. Let i be p(-19). Let d be (-4*54)/(6/(-4)). Calculate the greatest common divisor of i and d.
16
Let p be 1/(-5) - 71/(-5). Let v be (172/(-4) - 1)/(8/(-28)). Calculate the greatest common divisor of v and p.
14
Suppose 4*d - 1492 = 4*z, 4*z + 903 + 577 = d. Let t = z + 522. What is the highest common divisor of 17 and t?
17
Let h be 711/(-9)*(0 + -4) - 4. What is the highest common factor of h and 72?
24
Suppose -448 - 2086 = -4*x - 3*j, 5*j = -x + 642. Calculate the highest common factor of x and 8.
8
Suppose -28*o = -41*o + 585. Calculate the greatest common divisor of 165 and o.
15
Let b = -649 + 866. Calculate the highest common factor of b and 7.
7
Suppose -2*o + 3 = o. Let r be o*4/5*5. Let b be r/(-8)*108/(-3). What is the greatest common factor of 27 and b?
9
Let g(a) = a**3 + 14*a**2 + 10*a + 35. Let w be g(-9). Calculate the highest common divisor of 70 and w.
70
Suppose 3*n - 20 = -2*d - 4, 4*d = 4*n - 48. Suppose 2*g = -0*g + n. Let c be g/12 + (-71)/(-3). Calculate the greatest common factor of 8 and c.
8
Let o(d) = d**3 - 4*d**2 - 4*d + 1. Let s = 21 + -16. Let f be o(s). Calculate the greatest common divisor of 24 and f.
6
Suppose -y = -2*w - 94, 15 + 5 = -4*w. What is the greatest common divisor of 24 and y?
12
Let v = 94 - 219. Let p = v - -218. Suppose 3*y + g + 0*g - p = 0, 4*y - 4*g = 140. Calculate the greatest common factor of 8 and y.
8
Suppose 0 = 4*f - 0*f - 12, 4*z + 97 = 3*f. Suppose 12 = 14*u - 11*u, -3*t = 2*u + 154. Let s = z - t. What is the greatest common divisor of 8 and s?
8
Let k be (1 - 6/1) + (28 - 29). Let z(o) = -o**3 - 6*o**2 - 13*o - 8. Let j be z(k). What is the greatest common divisor of 14 and j?
14
Suppose -4*t = 2*o - 18, -t + 46 = 2*o - 4*t. Suppose -3*k - o + 47 = 0. What is the highest common factor of 10 and k?
10
Let m = 652 - 588. What is the greatest common divisor of 2048 and m?
64
Let w be 2/5 + 556/10. Let x be -55 - -55 - (-8 + 0/1). Calculate the greatest common divisor of w and x.
8
Let q be (-29)/203 + 4524/14. Calculate the greatest common factor of 17 and q.
17
Let b be ((48/10)/4)/((-2)/(-45)). Let d be (-198)/(-2) + (23 - b). What is the highest common divisor of 19 and d?
19
Suppose 2*z = 4*p + 624, 435 - 111 = z + 4*p. Calculate the greatest common factor of 237 and z.
79
Let y = -68 - -90. Let j = 14 + y. What is the greatest common divisor of 12 and j?
12
Suppose -5*a - 50 = -i, -3*i + 0 + 60 = 3*a. Let n = i + -11. Calculate the highest common factor of n and 49.
7
Let r = -1364 + 1392. What is the greatest common divisor of 1428 and r?
28
Suppose -4*n = 4, -16*q + 13*q - 5*n = -250. Suppose 2*y + 41 = 5*t - 54, 5*y = 2*t - 59. Calculate the greatest common divisor of q and t.
17
Let g be ((-9)/2)/9 - 1/(-2). Suppose 0 = y - g - 1, -35 = -4*u + y. Calculate the greatest common divisor of 18 and u.
9
Let a(w) = 261*w - 37. Let p be a(1). What is the greatest common divisor of 14 and p?
14
Let d be 4/6 - 532/(-21). Let y(c) = 2*c**2 + 2*c + 3. Let t be y(6). Suppose -43 = -2*u + t. Calculate the highest common factor of d and u.
13
Let l(v) = 10*v + 4. Let m be l(5). Suppose 0 = 2*j - 6, p - j = -0*j. Suppose p*r + 6 = 4*r. What is the highest common factor of m and r?
6
Let x = 44 - 31. Let m = x - -2. What is the greatest common factor of 3 and m?
3
Suppose -p + 8 = -0*p. Let g = 10 + -7. Suppose 3*u - 1 = -g*r + 17, 12 = -2*u + 4*r. What is the greatest common factor of u and p?
2
Let y(n) = -11*n + 6*n + n + 21. Let k be y(5). What is the highest common divisor of 5 and k?
1
Let v be 2/4 - (-55)/2. Suppose 12*f - 15*f + 15 = 0. Let j = 33 - f. What is the highest common factor of v and j?
28
Suppose -4*y + u - 234 = -u, -4*y = 4*u + 252. Let d = 61 + y. Calculate the highest common divisor of 1 and d.
1
Suppose -31 + 12 = -5*j - d, 5*d = -5. Suppose 5*z = t + j, 4 + 0 = 2*z. What is the highest common factor of t and 48?
6
Let p = -51 + 53. Let y be (-1)/(-2)*(4 - p*-13). Calculate the greatest common divisor of y and 135.
15
Let l = -1184 + 1344. Calculate the greatest common factor of l and 192.
32
Let j = -159 + 188. What is the highest common divisor of j and 551?
29
Let u be (-172)/(-6) + (-3)/9*2. What is the highest common divisor of u and 35?
7
Let g be (((-9)/(-6))/(-3))/(9/(-576)). Calculate the greatest common divisor of 4 and g.
4
Suppose 19*p - 432 = -35*p. Let k be 0*1/2 + 7. Let w = k + p. Calculate the highest common factor of 60 and w.
15
Suppose 0 = 2*a + 3*o - 158, 0 = -2*a + o - 2*o + 166. Calculate the greatest common factor of a and 272.
17
Suppose 11*c = 24*c - 780. Calculate the highest common divisor of c and 40.
20
Let u = 629 - 559. What is the highest common divisor of 315 and u?
35
Let y be 1 + -4 - (-85 + 1). Suppose -4*s - y = -441. Suppose -3*v = 3*h - 0*h - s, -4*v + 122 = 3*h. Calculate the greatest common divisor of v and 8.
8
Let i(q) = -q + 15. Let r be i(7). Suppose 6136 = -4*p + 6144. What is the highest common factor of r and p?
2
Let a = 65 + -62. Suppose -a*y + 181 = -f, 61 = y - 0*f - f. Calculate the greatest common factor of 12 and y.
12
Let f(z) = 50*z. Let s be f(1). Let o be 1*(-8)/36 - 224/(-36). Suppose -s = v - o*v. What is the greatest common factor of v and 25?
5
Let j(m) = m**3 - 9*m**2 - 16*m - 3. Let x be j(16). What is the greatest common factor of 21 and x?
21
Suppose -3*q = 3*r + 3, 0*q = 2*r + 3*q + 6. Suppose -3*c + k = -36, -r*c = 5*k - k - 36. Let s = 186 - 126. What is the highest common divisor of c and s?
12
Suppose -2*j = 4 - 8. Suppose 4*p - 116 = y, -4*y + y = j*p - 44. Calculate the greatest common divisor of p and 42.
14
Let i be -3 - (4/(-8) - (-10)/(-4)). Suppose -2*d + 2*t + 28 = 0, -3*d + 34 = -t - i. What is the greatest common factor of 60 and d?
10
Let i = -11 + 13. Suppose -155 = -5*y + 4*k, k - 2*k = i*y - 49. What is the highest common divisor of y and 135?
27
Suppose -4*u + 3 = 3*d + 6, 2*d + 2 = -2*u. Suppose -3*p + 5*g = -u*p - 699, -5*p = -4*g - 1178. What is the highest common divisor of p and 34?
34
Let r be 36/21 - 2/(-7). Suppose -r*m + z + 44 = 0, -2*z + 4 = m - 8. Let d = m + -17. What is the greatest common factor of d and 6?
3
Suppose 2*y - 156 = -h, 8*y - 4*y - 336 = 4*h. What is the highest common divisor of 5 and y?
5
Let w be 2/(-10) - (-12620)/100. Calculate the highest common factor of 56 and w.
14
Let a(k) = -17*k + 3 + 2*k + 6. Let l be a(3). Let y = l + 61. Calculate the greatest common factor of y and 10.
5
Let h be -9 + (-3294)/(-114) - (-4)/38. What is the greatest common factor of h and 30?
10
Let t be (245/(-14))/((-1)/2). Let n(z) = -3 + t*z - z - z. Let h be n(8). Calculate the greatest common factor of h and 29.
29
Suppose 4*h + 17 = 369. What is the highest common divisor of h and 22?
22
Let v = 879 - 816. Calculate the highest common factor of 42 and v.
21
Let f = 22 + -28. Let s be 5/1 - f/(-2). Suppose 0*r + 3*v = 2*r, s = v. Calculate the greatest common divisor of 15 and r.
3
Let l be (4 - -2) + (2 - 2). Let q be (-8)/16 - (-69)/l. What is the highest common divisor of q and 11?
11
Let m(w) = -2*w - 3 + 2*w**2 + 